{"id":21,"date":"2014-11-21T14:16:42","date_gmt":"2014-11-21T13:16:42","guid":{"rendered":"http:\/\/www.taljovikenupa.se\/?page_id=21"},"modified":"2021-08-13T12:21:23","modified_gmt":"2021-08-13T10:21:23","slug":"medlemsansokan","status":"publish","type":"page","link":"https:\/\/www.taljovikenupa.se\/?page_id=21","title":{"rendered":"Medlemsans\u00f6kan"},"content":{"rendered":"<p><strong>F\u00f6r att kunna bli bryggmedlem m\u00e5ste du uppfylla speciella krav.<\/strong><\/p>\n<p><a href=\"http:\/\/www.taljovikenupa.se\/?page_id=29\">Se h\u00e4r<\/a>.<\/p>\n<p><strong> Avgifter: 2020<\/strong><\/p>\n<p>Medlem \u00a0 \u00a0 \u00a0 \u00a0 \u00a0 \u00a0 \u00a0 \u00a0 \u00a0 \u00a0 200:-\/\u00e5r<\/p>\n<p>Bryggplats \u00a0 \u00a0 \u00a0 \u00a0 \u00a0 \u00a02000:-\/\u00e5r<\/p>\n<p>Rampplats \u00a0 \u00a0 \u00a0 \u00a0 \u00a0 \u00a0 \u00a0 500:-\/\u00e5r<\/p>\n<p>F\u00f6r tillf\u00e4llet finns det inga lediga bryggplatser, men du kan st\u00e4lla dig i k\u00f6 f\u00f6r en.<\/p>\n<p>Rampplats inneb\u00e4r att du f\u00e5r nyckel till bommen och kan sj\u00f6s\u00e4tta din b\u00e5t i v\u00e5r sj\u00f6s\u00e4ttningsramp. Fyll i nedanst\u00e5ende formul\u00e4r och l\u00e4s <a href=\"http:\/\/www.taljovikenupa.se\/?page_id=96\">v\u00e5ra ordningsregler<\/a>.<\/p>\n<p><span style=\"color: #ff0000;\"><strong>ENDAST DE SOM REDAN \u00c4R MEDLEMMAR FYLLER I B\u00c5TPLATS OCH NYCKELNUMMER!!<\/strong><\/span> \n\n<!-- Fast Secure Contact Form plugin 4.0.52 - begin - FastSecureContactForm.com -->\r\n<div style=\"clear:both;\"><\/div>\n\r\n<div id=\"FSContact1\" style=\"width:99%; max-width:555px;\">\r\n<form action=\"https:\/\/www.taljovikenupa.se\/index.php?rest_route=%2Fwp%2Fv2%2Fpages%2F21#FSContact1\" id=\"fscf_form1\" method=\"post\">\r\n\n<div id=\"fscf_required1\">\n  <span style=\"text-align:left;\">*<\/span> <span style=\"text-align:left;\">anger obligatoriska f\u00e4lt<\/span>\n<\/div>\n\n\n<div id=\"fscf_div_clear1_0\" style=\"clear:both;\">\n  <div id=\"fscf_div_field1_0\" style=\"clear:left; float:left; width:99%; max-width:550px; margin-right:10px;\">\r\n    <div style=\"text-align:left; padding-top:5px;\">\n      <label style=\"text-align:left;\" for=\"fscf_name1\">F\u00f6rnamn<span style=\"text-align:left;\">*<\/span><\/label>\n    <\/div>\r\n    <div style=\"text-align:left;\">\r\n      <input style=\"text-align:left; margin:0; width:99%; max-width:250px;\" type=\"text\" id=\"fscf_name1\" name=\"full_name\" value=\"\"  \/>\r\n    <\/div>\r\n  <\/div>\n<\/div>\n\n<div id=\"fscf_div_clear1_4\" style=\"clear:both;\">\n  <div id=\"fscf_div_field1_4\" style=\"clear:left; float:left; width:99%; max-width:550px; margin-right:10px;\">\n    <div  id=\"fscf_label1_4\" style=\"text-align:left; padding-top:5px;\">\r\n      <label style=\"text-align:left;\" for=\"fscf_field1_4\">Efternamn:<span style=\"text-align:left;\">*<\/span><\/label>\n    <\/div>\n    <div style=\"text-align:left;\">\n      <input style=\"text-align:left; margin:0; width:99%; max-width:250px;\" type=\"text\" id=\"fscf_field1_4\" name=\"Efternamn\" value=\"\"  \/>\n    <\/div>\n  <\/div>\n<\/div>\n\n<div id=\"fscf_div_clear1_1\" style=\"clear:both;\">\n  <div id=\"fscf_div_field1_1\" style=\"clear:left; float:left; width:99%; max-width:550px; margin-right:10px;\">\n    <div style=\"text-align:left; padding-top:5px;\">\n      <label style=\"text-align:left;\" for=\"fscf_email1\">Epost:<span style=\"text-align:left;\">*<\/span><\/label>\n    <\/div>\n    <div style=\"text-align:left;\">\n      <input style=\"text-align:left; margin:0; width:99%; max-width:250px;\" type=\"text\" id=\"fscf_email1\" name=\"email\" value=\"\"  \/>\n    <\/div>\n  <\/div>\n<\/div>\n\n<div id=\"fscf_div_clear1_7\" style=\"clear:both;\">\n  <div id=\"fscf_div_field1_7\" style=\"clear:left; float:left; width:99%; max-width:550px; margin-right:10px;\">\n    <div  id=\"fscf_label1_7\" style=\"text-align:left; padding-top:5px;\">\r\n      <label style=\"text-align:left;\" for=\"fscf_field1_7\">Fastighetsbeteckning:<span style=\"text-align:left;\">*<\/span><\/label>\n    <\/div>\n    <div style=\"text-align:left;\">\n      <input style=\"text-align:left; margin:0; width:99%; max-width:250px;\" type=\"text\" id=\"fscf_field1_7\" name=\"Fastighetsbeteckning\" value=\"\"  \/>\n    <\/div>\n  <\/div>\n<\/div>\n\n<div id=\"fscf_div_clear1_8\" style=\"clear:both;\">\n  <div id=\"fscf_div_field1_8\" style=\"clear:left; float:left; width:99%; max-width:550px; margin-right:10px;\">\n    <div  id=\"fscf_label1_8\" style=\"text-align:left; padding-top:5px;\">\r\n      <label style=\"text-align:left;\" for=\"fscf_field1_8\">Gatuadress:<span style=\"text-align:left;\">*<\/span><\/label>\n    <\/div>\n    <div style=\"text-align:left;\">\n      <input style=\"text-align:left; margin:0; width:99%; max-width:250px;\" type=\"text\" id=\"fscf_field1_8\" name=\"Gatuadress\" value=\"\"  \/>\n    <\/div>\n  <\/div>\n<\/div>\n\n<div id=\"fscf_div_clear1_13\" style=\"clear:both;\">\n  <div id=\"fscf_div_field1_13\" style=\"clear:left; float:left; width:99%; max-width:550px; margin-right:10px;\">\n    <div  id=\"fscf_label1_13\" style=\"text-align:left; padding-top:5px;\">\r\n      <label style=\"text-align:left;\" for=\"fscf_field1_13\">Postadress:<span style=\"text-align:left;\">*<\/span><\/label>\n    <\/div>\n    <div style=\"text-align:left;\">\n      <input style=\"text-align:left; margin:0; width:99%; max-width:250px;\" type=\"text\" id=\"fscf_field1_13\" name=\"Postadresst\" value=\"\"  \/>\n    <\/div>\n  <\/div>\n<\/div>\n\n<div id=\"fscf_div_clear1_9\" style=\"clear:both;\">\n  <div id=\"fscf_div_field1_9\" style=\"clear:left; float:left; width:99%; max-width:550px; margin-right:10px;\">\n    <div  id=\"fscf_label1_9\" style=\"text-align:left; padding-top:5px;\">\r\n      <label style=\"text-align:left;\" for=\"fscf_field1_9\">Mobil:<span style=\"text-align:left;\">*<\/span><\/label>\n    <\/div>\n    <div style=\"text-align:left;\">\n      <input style=\"text-align:left; margin:0; width:99%; max-width:250px;\" type=\"text\" id=\"fscf_field1_9\" name=\"Mobil\" value=\"\"  \/>\n    <\/div>\n  <\/div>\n<\/div>\n\n<div id=\"fscf_div_clear1_5\" style=\"clear:both;\">\n  <div id=\"fscf_div_field1_5\" style=\"clear:left; float:left; width:99%; max-width:550px; margin-right:10px;\">\n    <div  id=\"fscf_label1_5\" style=\"text-align:left; padding-top:5px;\">\r\n      <label style=\"text-align:left;\" for=\"fscf_field1_5\">Medlemskategori:<span style=\"text-align:left;\">*<\/span><\/label>\n    <\/div>\n    <div style=\"text-align:left;\">\n      <span><input type=\"radio\" style=\"width:22px; height:32px;\" id=\"fscf_field1_5_1\" name=\"Medlemskategori\" value=\"1\" checked=\"checked\" \/> <label style=\"display:inline;\" for=\"fscf_field1_5_1\">Endast Medlem<\/label><\/span><br \/>\n      <span><input type=\"radio\" style=\"width:22px; height:32px;\" id=\"fscf_field1_5_2\" name=\"Medlemskategori\" value=\"2\" \/> <label style=\"display:inline;\" for=\"fscf_field1_5_2\">\u00d6nskar Bryggplats<\/label><\/span><br \/>\n      <span><input type=\"radio\" style=\"width:22px; height:32px;\" id=\"fscf_field1_5_3\" name=\"Medlemskategori\" value=\"3\" \/> <label style=\"display:inline;\" for=\"fscf_field1_5_3\">\u00d6nskar Rampplats<\/label><\/span><br \/>\n      <span><input type=\"radio\" style=\"width:22px; height:32px;\" id=\"fscf_field1_5_4\" name=\"Medlemskategori\" value=\"4\" \/> <label style=\"display:inline;\" for=\"fscf_field1_5_4\">Har Bryggplats<\/label><\/span>\n    <\/div>\n  <\/div>\n<\/div>\n\n<div id=\"fscf_div_clear1_11\" style=\"clear:both;\">\n  <div id=\"fscf_div_field1_11\" style=\"clear:left; float:left; width:99%; max-width:550px; margin-right:10px;\">\n    <div  id=\"fscf_label1_11\" style=\"text-align:left; padding-top:5px;\">\r\n      <label style=\"text-align:left;\" for=\"fscf_field1_11\">Bryggplats Nr:<\/label>\n    <\/div>\n    <div style=\"text-align:left;\">\n      <input style=\"text-align:left; margin:0; width:99%; max-width:250px;\" type=\"text\" id=\"fscf_field1_11\" name=\"Bryggplats-Nr\" value=\"\"  maxlength=\"2\" \/>\n    <\/div>\n  <\/div>\n<\/div>\n\n<div id=\"fscf_div_clear1_12\" style=\"clear:both;\">\n  <div id=\"fscf_div_field1_12\" style=\"clear:left; float:left; width:99%; max-width:550px; margin-right:10px;\">\n    <div  id=\"fscf_label1_12\" style=\"text-align:left; padding-top:5px;\">\r\n      <label style=\"text-align:left;\" for=\"fscf_field1_12\">Nyckel Nr:<\/label>\n    <\/div>\n    <div style=\"text-align:left;\">\n      <input style=\"text-align:left; margin:0; width:99%; max-width:250px;\" type=\"text\" id=\"fscf_field1_12\" name=\"Nyckel-Nr\" value=\"\"  maxlength=\"8\" \/>\n    <\/div>\n  <\/div>\n<\/div>\n\n<div id=\"fscf_div_clear1_10\" style=\"clear:both;\">\n  <div id=\"fscf_div_field1_10\" style=\"clear:left; float:left; width:99%; max-width:550px; margin-right:10px;\">\n    <div  id=\"fscf_label1_10\" style=\"text-align:left; padding-top:5px;\">\n    <\/div>\n    <div style=\"text-align:left;\">\n      <span><input type=\"checkbox\" style=\"width:22px; height:32px;\" id=\"fscf_field1_10\" name=\"godkanner\" value=\"1\" \/> <label style=\"display:inline;\" for=\"fscf_field1_10\">Jag \u00e4r beh\u00f6rig som medlem och godk\u00e4nner ordningsreglerna<span style=\"text-align:left;\">*<\/span><\/label><\/span>\n    <\/div>\n  <\/div>\n<\/div>\r\n<div style=\"clear:both;\"><\/div>\n\n<div style=\"text-align:left; padding-top:5px;\">\n<\/div>\n<div id=\"fscf_recaptcha1\"><\/div>\n\n<div id=\"fscf_submit_div1\" style=\"text-align:left; clear:both; padding-top:15px;\">\r\n\t\t<input type=\"submit\" id=\"fscf_submit1\" style=\"cursor:pointer; margin:0;\" value=\"Skicka\"  onclick=\"this.disabled=true; this.value='Skickar ...'; this.form.submit();\" \/> \n<\/div>\n\n<input type=\"hidden\" name=\"fscf_submitted\" value=\"0\" \/>\n<input type=\"hidden\" name=\"fs_postonce_1\" value=\"9c7742d35049c5caf99b19bcbe578667,1777898070\" \/>\n<input type=\"hidden\" name=\"si_contact_action\" value=\"send\" \/>\n<input type=\"hidden\" name=\"form_id\" value=\"1\" \/>\n<input type=\"hidden\" name=\"mailto_id\" value=\"1\" \/>\n\n<\/form>\n<\/div>\r\n<div style=\"clear:both;\"><\/div>\n\n<!-- Fast Secure Contact Form plugin 4.0.52 - end - FastSecureContactForm.com -->\n<\/p>\n","protected":false},"excerpt":{"rendered":"<p>F\u00f6r att kunna bli bryggmedlem m\u00e5ste du uppfylla speciella krav. Se h\u00e4r. Avgifter: 2020 Medlem \u00a0 \u00a0 \u00a0 \u00a0 \u00a0 \u00a0 \u00a0 \u00a0 \u00a0 \u00a0 200:-\/\u00e5r Bryggplats \u00a0 \u00a0 \u00a0 \u00a0 \u00a0 \u00a02000:-\/\u00e5r Rampplats \u00a0 \u00a0 \u00a0 \u00a0 \u00a0 \u00a0 \u00a0 500:-\/\u00e5r F\u00f6r tillf\u00e4llet finns det inga lediga bryggplatser, men du kan st\u00e4lla dig i &hellip; <a href=\"https:\/\/www.taljovikenupa.se\/?page_id=21\" class=\"more-link\">Forts\u00e4tt l\u00e4sa <span class=\"screen-reader-text\">Medlemsans\u00f6kan<\/span> <span class=\"meta-nav\">&rarr;<\/span><\/a><\/p>\n","protected":false},"author":1,"featured_media":0,"parent":0,"menu_order":0,"comment_status":"closed","ping_status":"closed","template":"","meta":[],"_links":{"self":[{"href":"https:\/\/www.taljovikenupa.se\/index.php?rest_route=\/wp\/v2\/pages\/21"}],"collection":[{"href":"https:\/\/www.taljovikenupa.se\/index.php?rest_route=\/wp\/v2\/pages"}],"about":[{"href":"https:\/\/www.taljovikenupa.se\/index.php?rest_route=\/wp\/v2\/types\/page"}],"author":[{"embeddable":true,"href":"https:\/\/www.taljovikenupa.se\/index.php?rest_route=\/wp\/v2\/users\/1"}],"replies":[{"embeddable":true,"href":"https:\/\/www.taljovikenupa.se\/index.php?rest_route=%2Fwp%2Fv2%2Fcomments&post=21"}],"version-history":[{"count":23,"href":"https:\/\/www.taljovikenupa.se\/index.php?rest_route=\/wp\/v2\/pages\/21\/revisions"}],"predecessor-version":[{"id":423,"href":"https:\/\/www.taljovikenupa.se\/index.php?rest_route=\/wp\/v2\/pages\/21\/revisions\/423"}],"wp:attachment":[{"href":"https:\/\/www.taljovikenupa.se\/index.php?rest_route=%2Fwp%2Fv2%2Fmedia&parent=21"}],"curies":[{"name":"wp","href":"https:\/\/api.w.org\/{rel}","templated":true}]}}