{"id":29,"date":"2014-11-21T14:19:30","date_gmt":"2014-11-21T13:19:30","guid":{"rendered":"http:\/\/www.taljovikenupa.se\/?page_id=29"},"modified":"2016-09-05T17:55:40","modified_gmt":"2016-09-05T15:55:40","slug":"behorighet","status":"publish","type":"page","link":"https:\/\/www.taljovikenupa.se\/?page_id=29","title":{"rendered":"Beh\u00f6righet"},"content":{"rendered":"<p>F\u00f6r att kunna s\u00f6ka medlemskap m\u00e5ste du vara beh\u00f6rig f\u00f6r att kunna s\u00f6ka medlemskap.<\/p>\n<p>Enligt ett \u00a0g\u00e5vobrev fr\u00e5n\u00a023:a Januari 1952 s\u00e5 \u00e4r det endast\u00a0\u00a0fastigheter fr\u00e5n f\u00f6ljande avstyckningar som har r\u00e4tt till medlemskap. (<a href=\"http:\/\/www.taljovikenupa.se\/?page_id=151\">se g\u00e5vobrevet&#8230;&#8230;<\/a>)<\/p>\n<p>Avstyckning \u00a0fr\u00e5n 1:11<br \/>\n1:13,1:14,1:15, 1:16, 1:17, 1:23, 1:24, 1:25, 1:30, 1:31-1:38,<br \/>\n1:40-1:42, 1:50-1:52,<\/p>\n<p>Avstyckning \u00a0fr\u00e5n 1:26<br \/>\ndel av 1:43 och 1:44, 1:55, 1:71, del av 1:134 &#8211;\u00a01:136, 1:138 &#8211; 1:141,<br \/>\ndel av 1:167 och 1:168<\/p>\n<p>Avstyckning \u00a0fr\u00e5n 1:69<br \/>\n1:161 &#8211; 1:163<\/p>\n<p>Avstyckning \u00a0fr\u00e5n 1:70<br \/>\n1:143 &#8211; 1:160, del av 1:165<\/p>\n<p>i T\u00e4lj\u00f6 som \u00e4r beh\u00f6riga till\u00a0medlemskap i f\u00f6reningen.<br \/>\n<a href=\"http:\/\/www.taljovikenupa.se\/?page_id=21\">Tillbaka till medlemsans\u00f6kan<\/a>.<\/p>\n<p>&nbsp;<\/p>\n<p>&nbsp;<\/p>\n","protected":false},"excerpt":{"rendered":"<p>F\u00f6r att kunna s\u00f6ka medlemskap m\u00e5ste du vara beh\u00f6rig f\u00f6r att kunna s\u00f6ka medlemskap. Enligt ett \u00a0g\u00e5vobrev fr\u00e5n\u00a023:a Januari 1952 s\u00e5 \u00e4r det endast\u00a0\u00a0fastigheter fr\u00e5n f\u00f6ljande avstyckningar som har r\u00e4tt till medlemskap. (se g\u00e5vobrevet&#8230;&#8230;) Avstyckning \u00a0fr\u00e5n 1:11 1:13,1:14,1:15, 1:16, 1:17, 1:23, 1:24, 1:25, 1:30, 1:31-1:38, 1:40-1:42, 1:50-1:52, Avstyckning \u00a0fr\u00e5n 1:26 del av 1:43 och 1:44, &hellip; <a href=\"https:\/\/www.taljovikenupa.se\/?page_id=29\" class=\"more-link\">Forts\u00e4tt l\u00e4sa <span class=\"screen-reader-text\">Beh\u00f6righet<\/span> <span class=\"meta-nav\">&rarr;<\/span><\/a><\/p>\n","protected":false},"author":1,"featured_media":0,"parent":0,"menu_order":0,"comment_status":"closed","ping_status":"closed","template":"","meta":[],"_links":{"self":[{"href":"https:\/\/www.taljovikenupa.se\/index.php?rest_route=\/wp\/v2\/pages\/29"}],"collection":[{"href":"https:\/\/www.taljovikenupa.se\/index.php?rest_route=\/wp\/v2\/pages"}],"about":[{"href":"https:\/\/www.taljovikenupa.se\/index.php?rest_route=\/wp\/v2\/types\/page"}],"author":[{"embeddable":true,"href":"https:\/\/www.taljovikenupa.se\/index.php?rest_route=\/wp\/v2\/users\/1"}],"replies":[{"embeddable":true,"href":"https:\/\/www.taljovikenupa.se\/index.php?rest_route=%2Fwp%2Fv2%2Fcomments&post=29"}],"version-history":[{"count":14,"href":"https:\/\/www.taljovikenupa.se\/index.php?rest_route=\/wp\/v2\/pages\/29\/revisions"}],"predecessor-version":[{"id":160,"href":"https:\/\/www.taljovikenupa.se\/index.php?rest_route=\/wp\/v2\/pages\/29\/revisions\/160"}],"wp:attachment":[{"href":"https:\/\/www.taljovikenupa.se\/index.php?rest_route=%2Fwp%2Fv2%2Fmedia&parent=29"}],"curies":[{"name":"wp","href":"https:\/\/api.w.org\/{rel}","templated":true}]}}